3*c - 3*t = 10 + 59, -5*t = 15. List the prime factors of 146 - (6/(-4))/((-15)/c).
2, 37
Suppose 17*l + 94875 = 72*l. What are the prime factors of l?
3, 5, 23
Let x be ((-1)/(-2))/((-10)/(-60)). Suppose 24 = x*d - 66. What are the prime factors of d?
2, 3, 5
Let u = -5 + 6. Let l(b) = -u + 0 + 25*b + 25*b. What are the prime factors of l(1)?
7
List the prime factors of ((-5610)/99)/((-4)/30).
5, 17
Let b(w) = -w**3 + 2*w**2 + 2*w - 3. Let t be b(2). Suppose -2 = 2*p - 0. What are the prime factors of (-7 - -20) + (p - t)?
11
Let c(h) = 6*h - 1. Let p be c(1). Let f(k) = k + 4. Let v be f(-5). What are the prime factors of (p/(-15))/(v/42)?
2, 7
Suppose -3*l + 2*q + 1186 = 0, 0 = 4*l - 0*q + q - 1596. List the prime factors of l.
2, 199
Let q(d) be the third derivative of d**8/5040 + d**7/2520 - d**6/720 - d**5/12 + d**2. Let t(k) be the third derivative of q(k). List the prime factors of t(1).
5
Let s(j) = j**3 - j**2 - j. Let n be s(2). Suppose 2*f - 15 = -d - n*d, 5*d - 3*f = 6. Suppose -d*w + 14 - 5 = 0. What are the prime factors of w?
3
Let o = -22 + 20. What are the prime factors of (-6 - 4)*o*5 + -4?
2, 3
Let u(k) = 2*k**3 - k**2 - 10*k - 8. Let x(y) = 5*y**3 - 2*y**2 - 21*y - 17. Let m(q) = 7*u(q) - 3*x(q). What are the prime factors of m(-4)?
71
Suppose n - 5 - 2 = 0. Suppose 2*d - n = -1. Suppose 3*j - d = 63. List the prime factors of j.
2, 11
Let j = -1126 + 2132. What are the prime factors of j?
2, 503
Suppose k - 6164 = -3*k - 4*m, -2*k + 3086 = -2*m. List the prime factors of k.
2, 3, 257
Let c(j) = j**2 + 5*j - 3. Let h be c(4). Let b be (-1)/3 - ((-10)/(-6) + -3). Suppose b = s - h. List the prime factors of s.
2, 17
List the prime factors of (-52)/((5/(-4))/5).
2, 13
Suppose 2*m - 150 - 43 = -x, 2*m = 2*x - 410. List the prime factors of x.
3, 67
List the prime factors of (-91 - -4)/(3/40*-2).
2, 5, 29
Suppose -4*x = -2*x + 6. Let i be 5/(-3)*x + 0. List the prime factors of i - (-1 + (3 - 3)).
2, 3
Suppose 0 = 4*u + 23 + 13. Let d be 3/u + (-721)/(-3). What are the prime factors of d/36*(-24)/(-5)?
2
Suppose 5*d + d = -924. List the prime factors of d/(-1) + (3 - 1).
2, 3, 13
Let p(i) = i**3 - 12*i**2 + 11*i. Let l be p(11). Suppose -b - 7*a + 3*a = -68, 5*b + 2*a - 322 = l. Suppose -22*s = -18*s - b. What are the prime factors of s?
2
Let x(i) = -i**3 - i**2. Let w be x(0). Suppose 5*c = 0, -h - 3*c + 11 + 4 = w. Suppose 9 = m + 2*u - h, -5*u = m - 27. List the prime factors of m.
2, 11
Let b(i) = -302*i**3 - 1. Let f be b(-1). Let t = f + -207. Suppose -6*c + 3*c - 6 = 0, 4*p = c + t. List the prime factors of p.
23
Suppose 0 = 4*h + 8, -86 - 16 = -5*q - 4*h. What are the prime factors of q?
2, 11
Suppose 0*s - 4*s + 16256 = 0. What are the prime factors of s?
2, 127
Suppose 7*o - 3560 = -606. List the prime factors of o.
2, 211
Suppose 0 = 11*v + 1715 - 18303. What are the prime factors of v?
2, 13, 29
Let u(c) = 2*c**2 + 8*c + 4. Let m(i) be the first derivative of -i**3/3 - 2*i**2 - 2*i - 1. Let x(t) = -7*m(t) - 4*u(t). List the prime factors of x(-2).
2
Let r(j) = j**2 - 3*j + 30. Let x be r(17). Suppose -x = -23*d + 22*d. What are the prime factors of d?
2, 67
Let l be ((-2)/6)/((-2)/(-6)). Let d = l + -6. Let g(s) = -s**3 - 7*s**2 - 7*s - 8. List the prime factors of g(d).
41
Let s(d) = 2*d - 11. Let i be s(4). List the prime factors of 2/(253/(-85) - i).
5, 17
Suppose -2686 - 2404 = -5*y. List the prime factors of y.
2, 509
List the prime factors of (523 - 6)/11 + (-3)/(-1).
2, 5
Let i = 24 + -28. List the prime factors of (33 - 1)/((-2)/i).
2
Suppose 0 = m + m - 2. Suppose 4*q + m = -3. List the prime factors of (q + 3 - 9)*-5.
5, 7
Let m = 5 + -5. Let b = 21 + -17. Suppose -b*g = -5*x - 0*x - 140, -x = m. What are the prime factors of g?
5, 7
Suppose 64 = 2*z + 3*z + c, -3*z + 4*c = -20. List the prime factors of z.
2, 3
Suppose -3*n = -2 - 4. Let k be (0 + 0)/(6 - 4). Suppose n*l + k*l = 62. List the prime factors of l.
31
Suppose 4*y + 10 + 30 = 0. Let u(z) = -33*z - 10 + 21*z + 3*z**2 - 4*z**2. List the prime factors of u(y).
2, 5
Let b(h) = 4*h**3 - 16*h**2 + 17*h - 20. Let w(d) = 3*d**3 - 17*d**2 + 16*d - 21. Let v(a) = -4*b(a) + 5*w(a). List the prime factors of v(-22).
3, 5, 13
Let u = 20 + -20. List the prime factors of (44 - u)/((-30)/(-15)).
2, 11
Suppose -12*b + 2691 = -3*b. What are the prime factors of b?
13, 23
Suppose -4*t = 5*h - 1595, 2*h + 0*h - 2*t = 638. Suppose 101 = 3*y - h. List the prime factors of y.
2, 5, 7
Suppose -1141 = -13*i + 4891. List the prime factors of i.
2, 29
Let t = 264 - -220. What are the prime factors of t?
2, 11
Suppose -2*b = 10, -y + 2*b = b - 1338. What are the prime factors of y?
31, 43
Suppose -4*s = -s - 570. Suppose 0 = 5*c - 0*c - s. What are the prime factors of c?
2, 19
Let t(b) = b - 5. Let y be t(5). Suppose 0 = -y*x - x + 21. What are the prime factors of x?
3, 7
What are the prime factors of (-27)/15*(-55720)/42?
2, 3, 199
List the prime factors of -6417*(126/27)/(-14).
3, 23, 31
What are the prime factors of (-9)/(-45)*-5 - (-236 - -2)?
233
Let w(a) = -145*a - 2. Let c be w(1). List the prime factors of (-2)/7 + (-11214)/c.
2, 19
Let w(p) = p**3 + 5*p**2 + 2*p - 5. Let v be w(-4). Suppose 4*k = 2*n + n - 116, 164 = 4*n - v*k. List the prime factors of n.
2, 11
Suppose f = 3*f - 2. List the prime factors of (1/2)/(f/160).
2, 5
Let y be -2 + 4 + 3 + -1. Suppose -y*v - 5*q = 116, 4*q + 136 = -5*v - 0*q. What are the prime factors of v/(35/(-8) - -4)?
2
Let h(p) = -p**3 - 16*p**2 - 34*p - 32. List the prime factors of h(-16).
2
Let q = 6 + -6. Suppose 3*v - 2*m + 3*m - 91 = q, 5*m - 165 = -5*v. What are the prime factors of v?
29
Suppose -l + 2 = -2. Suppose -l*w - 3*w = -1113. What are the prime factors of w?
3, 53
Let l(n) = 21*n**2 - 4. Let t be (12/(-9))/(7/(-3) - -3). What are the prime factors of l(t)?
2, 5
Let w(b) = -b + 31. Let o be w(10). List the prime factors of 2737/49 - (-3)/o.
2, 7
Let p be 4/((-24)/57)*-2. Suppose c - p = -2*o + 4*o, -66 = -4*c - 2*o. What are the prime factors of 0 + (c - 3) + -3?
11
Suppose -10 = 5*y, 3*b + 4*y - 230 = 122. Let c = 79 + b. What are the prime factors of c?
199
Let n(d) = -2*d**2 + 40*d - 4. Suppose 0*q - 3*q + 57 = 0. List the prime factors of n(q).
2, 17
Suppose 1590 = 3*m - 3*l - 0*l, -2*m = 2*l - 1060. List the prime factors of 3/(-12) - (0 - m/8).
2, 3, 11
Let o = -52 - -390. Suppose -18*c = -16*c - o. List the prime factors of c.
13
Suppose 5*o = n - 218, 4*o - 403 = -5*n + 716. List the prime factors of n.
223
Let t(a) = 5*a - 4. Let s be t(6). Suppose d = 4*y - 21, 3*d = -y - y - 63. Let c = s + d. List the prime factors of c.
5
Let w(g) = g + 10. Let y be 8/16 - (-11)/(-2). Let j be w(y). Suppose 16 = j*u - 4. What are the prime factors of u?
2
List the prime factors of 24052/(28/4) + -4.
2, 3, 11, 13
Let j(b) = -1 - 1 + 6 + 5 + 7*b. Let s(y) = -y**2 - 12*y + 16. Let w be s(-13). What are the prime factors of j(w)?
2, 3, 5
Suppose -5*n + 10 + 10 = 0. Suppose -m - 5*z + 3*z = -116, -4*m = -n*z - 428. Suppose 3*v + 2*v - m = 0. What are the prime factors of v?
2, 11
Suppose 4*f + 6732 = 4*g, g + f - 215 = 1470. List the prime factors of g.
2, 421
Let n(u) = -33*u**3 - 2*u**2 - 8*u - 49. List the prime factors of n(-4).
2063
Let y be 1/3 + (-8)/24. Suppose y = -o - 36 + 8. What are the prime factors of -7*(2 + 96/o)?
2, 5
Suppose 5*v - 6868 = -498. What are the prime factors of v?
2, 7, 13
Let o = 557 + 348. List the prime factors of o.
5, 181
Suppose 3*d - 7 = 2. Suppose d*b - 5*y = 155, b - 3*y - 50 = -y. List the prime factors of b.
2, 3, 5
Let h = -5 - -8. Let l = h - -1. Suppose 0 = -2*o + j + 11 + 11, l*o + 4*j = 68. List the prime factors of o.
13
Let u = -230 - -631. What are the prime factors of u?
401
Suppose 15 = 4*z + z. Let b be ((-144)/(-14) + -10)*7. Suppose -5*q + c + 197 = 0, -z*c - b*c = 3*q - 107. What are the prime factors of q?
3, 13
Let i be -1*(1 - -1*21). Let x = i + 31. Suppose x*a - 60 = 8*a. What are the prime factors of a?
2, 3, 5
Let q = 154 + -216. Let w = q + 96. List the prime factors of w.
2, 17
Let w(c) = c**2 + 8*c + 2. Let b be w(11). Suppose 46 = -5*u + b. What are the prime factors of u?
3, 11
Let z(o) be the third derivative of o**5/40 - o**4/24 + o**3/3 + 3*o*